ose -26 = -3*o - 2*u, 5*o - 60 = -4*u + 9*u. What is the remainder when 57 is divided by o?
7
Let r(z) = z**3 - 6*z**2 + 2*z + 3. Let l = 20 - 6. Suppose 2 = -2*x + l. Calculate the remainder when r(x) is divided by 8.
7
Let c = -52 - -86. What is the remainder when 99 is divided by c?
31
Let i = -52 + 57. Calculate the remainder when 18 is divided by i.
3
Let b(n) = n**3 - 9*n**2 - 11*n + 10. Let m be b(10). Suppose x - 2*x + 5 = m. Calculate the remainder when 14 is divided by x.
4
Let b = -34 - -48. Let n be -1 + -1 + 4 + -4. Calculate the remainder when (39 + 1)/(n + 3) is divided by b.
12
Suppose -2*u - 8 = s + 6, -2*s + u - 18 = 0. Let y be s/(-15) + 386/6. Let f = y + -39. What is the remainder when f is divided by 9?
8
Let g(c) = c**2 + 9*c + 3. Let o be (1 - 10)/(3 + -2). What is the remainder when 11 is divided by g(o)?
2
Suppose -h - 8 = -4*i, 2*i + 3 = 9. Let l = -1 + h. Suppose 0 = -4*k + a + 30, 4*a + 1 = -l*k + 14. Calculate the remainder when 20 is divided by k.
6
Suppose 5*x - 5*p = 30, 0 = -0*x - 4*x - p - 1. What is the remainder when 19/2 + 1/(-2) is divided by x - -1*(-1 + 5)?
4
Let z = -38 - -41. Suppose 3*q + 4*k = -4, 4*q - 5*q - 3*k - 8 = 0. Suppose -26 = -z*y + q. Calculate the remainder when 38 is divided by y.
8
Let m(o) = -2*o + 2. Suppose -6*y - 36 = -168. Calculate the remainder when y is divided by m(-3).
6
Let y = -26 + 43. Suppose -15 - 12 = -3*d. Calculate the remainder when y is divided by d.
8
Suppose -2*m = -5*p - 0*m + 127, 96 = 4*p + 4*m. Let i = 35 - p. Calculate the remainder when 29 is divided by i.
9
Let z = -4 - -44. Let s(w) = -w**2 + w + 68. Let k be s(0). What is the remainder when z is divided by 4/10 + k/5?
12
Suppose 0 = b - 6 - 0. Suppose 4*v - b = 10. Suppose 2*a - 50 = l + l, -5*l + 55 = v*a. Calculate the remainder when 39 is divided by a.
19
Suppose 4*m = -5*t + 102 + 11, -3*m - 3*t + 84 = 0. Calculate the remainder when m is divided by 5.
2
Let k(s) = -s + 28. What is the remainder when 38 is divided by k(14)?
10
Suppose 0 = 2*v - 2 - 2. Suppose i + 3*d = 15, 5*d + 19 - 51 = -v*i. What is the remainder when i is divided by 0 - (3/(-1) + -8)?
10
Let b(a) = a**3 - a**2 - 3*a - 4. Let d be b(-4). Let q = 123 + d. Calculate the remainder when q is divided by 13.
12
Let p = 1 + 19. Let z(q) = q**2 - 5*q + 6. Let x be z(5). Suppose -x - 5 = -f. What is the remainder when p is divided by f?
9
Let v(d) = -d**2 - 9*d - 3. Let o = -7 + 21. What is the remainder when o is divided by v(-8)?
4
Suppose i - 2*h = 1, 5*i - 2*h = -0*h + 45. Suppose 2*j + 2*j + 24 = 4*t, -j = -2*t + i. What is the remainder when ((-42)/8)/(6/(-16)) is divided by t?
4
Suppose 4*a = 3*o + o + 76, 5*a - 71 = -3*o. Calculate the remainder when a is divided by 5.
1
Suppose -2*s - 2*s = -164. Suppose 2*g = -8, -3*o - 4 = -g + 34. Let f = o + 28. Calculate the remainder when s is divided by f.
13
Suppose u - 4*q = -0*u - 6, 0 = 2*u + 4*q. Suppose 0 = 3*k - 6 - 3. Calculate the remainder when 4 is divided by u*3/(-9)*k.
0
Let b(n) = 7*n**3 - 2*n - 1. Let r be b(-1). Let z(d) = -d**3 - 5*d**2 + 7. What is the remainder when z(r) is divided by 23?
20
Let u(z) = z**3 - 4*z**2 + 8*z - 2. Calculate the remainder when 36 is divided by u(3).
10
Suppose -2*p - 57 = -5*p. Calculate the remainder when 129 is divided by p.
15
Suppose -5*k = -4*z + 1, 15 = 3*k + 2*k. Suppose -2*w + 9 = -4*h - 17, -4*h + 18 = 2*w. What is the remainder when w is divided by z?
3
Suppose -2*z + 104 = 2*z. Calculate the remainder when 75 is divided by z.
23
Suppose 0 = 2*l + 2, 4*j - 145 + 34 = 3*l. Let u = 22 - 8. Calculate the remainder when j is divided by u.
13
Let m(c) = -c + 3. Let r be m(1). Suppose -3*d - r*k = d - 84, -10 = 5*k. What is the remainder when 64 is divided by d?
20
Suppose 0 = 4*a - a - 9. Suppose -a*y + 8 + 0 = -4*s, 3*s = 12. Calculate the remainder when 13 is divided by y.
5
Let w(q) = -q**2 + 9*q + 4. Let m be w(5). Suppose 24 = 4*b - u, u - m = -4*b - u. What is the remainder when b is divided by 3?
0
Let a(d) = -3*d + 8. Calculate the remainder when 25 is divided by a(-2).
11
Let d(z) = 2*z**2 - 2*z - 4. Calculate the remainder when 78 is divided by d(4).
18
Suppose 32 = 3*j + z, -j - 2*z - 56 = -5*j. What is the remainder when 47 is divided by j?
11
Let w be 1/2*6 + 1. Calculate the remainder when (-475)/(-15) + w/(-6) is divided by 16.
15
Suppose 2*r + r = 4*f - 8, 4*r = -3*f + 6. Let v(n) = -n - 3. Let o be v(-5). Let a = o - -2. Calculate the remainder when a is divided by f.
0
Let y(b) = b**2 + 8*b + 9. Let o be y(-7). Suppose -3*x + 70 = o*x. What is the remainder when 20/(-1*(-2)/4) is divided by x?
12
Calculate the remainder when 4/16 + 750/8 is divided by 24.
22
Suppose 2*q + 14 = 2*p, -4*q - 46 = -0*q + 5*p. Suppose 0 = 4*g - g, -2*l + 2*g = -12. What is the remainder when 6/(-27) - 101/q is divided by l?
5
Let b = 56 + -40. What is the remainder when 44 is divided by b?
12
Calculate the remainder when 15 is divided by 5 + -2 + 4 + 2.
6
Suppose 5*v - i = -5*i - 39, 2*i = 3*v + 19. Let h = 11 + v. What is the remainder when 14 is divided by h?
2
Let z = -27 - -43. Suppose 19 = 4*b - 4*y - 97, b + 3*y - 33 = 0. Calculate the remainder when b is divided by z.
14
Suppose -o = 5*q + 14, 4*o - 2*o - 14 = 4*q. Suppose -2*i + 3*l + 21 = 0, -i - 2*i + l + 14 = 0. Let p = i - o. What is the remainder when 4 is divided by p?
0
Suppose 4*f = 5*u - 68, 5*f = -2*u - 3 + 50. Let h = -42 - -105. Calculate the remainder when h is divided by u.
15
Let s = -5 - -9. What is the remainder when s/(-18) - 470/(-9) is divided by 18?
16
Let s(b) = -5*b + 29. Let d(m) = 2*m - 10. Let r(p) = 8*d(p) + 3*s(p). Let v be r(-6). Suppose v + 14 = 5*u. Calculate the remainder when 7 is divided by u.
1
Suppose -2*c = -1 - 1. Let y be 33/9 - c/(-3). Suppose -q + 6 + y = 0. What is the remainder when q is divided by 6?
4
Let i be (-182)/4 + 5/10. Calculate the remainder when 37 is divided by (i + -3)/(-3) - -3.
18
Let y(v) be the second derivative of 41*v**4/6 + v**3/2 + v**2 + 6*v. Calculate the remainder when y(-1) is divided by 21.
18
Suppose -3*q - i = -3 - 4, -4*i - 8 = 0. Let h = -13 + 16. Suppose h*c - 19 = 2. Calculate the remainder when c is divided by q.
1
Suppose -z - 63 = -4*z. Suppose -3*r = 3*j - 195, 2*r - 3*r + 68 = 2*j. Calculate the remainder when r is divided by z.
20
Suppose 0*l + 96 = 3*l. Let y = l - 22. Calculate the remainder when y is divided by 2 + 2 + 0/(-3).
2
Suppose 0 = -0*k - k + 5*g + 27, 3*g = -2*k - 11. Suppose -2*b + 16 = k*m, -5*m + 3 = -2. What is the remainder when 25 is divided by b?
4
What is the remainder when -3*(36/(-4) + 0) is divided by 6?
3
Suppose 5*w - 102 = k, -4*w + 46 + 36 = -k. Calculate the remainder when 78 is divided by w.
18
Suppose -p + 2*p = 5*a - 15, 4*a - 21 = -p. Suppose p*b - 4*q = 296, 2*b + 0*b - 121 = -q. Suppose 5*z - b = z. What is the remainder when 29 is divided by z?
14
What is the remainder when (-4)/10*45/(-1) is divided by 10?
8
Let o(q) = 2*q**3 + 2*q**2 - 6*q - 1. Let r(n) = n**3 + n**2 - 3*n. Let v(w) = 3*o(w) - 7*r(w). Calculate the remainder when 7 is divided by v(-3).
1
Suppose 4*y + 3*g - 26 - 94 = 0, -3*y = -3*g - 69. Calculate the remainder when y is divided by ((-42)/(-8))/7*(21 + -1).
12
Let n = -222 + 351. What is the remainder when n is divided by 26?
25
Let g be (1/(-3))/((-1)/(-6)). Let k be g/9 + (-256)/(-18). What is the remainder when 69 is divided by 259/k + 2/(-4)?
15
Let i = -2 - 0. Calculate the remainder when 31 is divided by -3*(i + 20/(-6)).
15
Let k = 1 - 1. Suppose k = -2*c + 4*c - 12. What is the remainder when 16 is divided by c?
4
Suppose -11*a = -18*a + 42. Calculate the remainder when 40 is divided by a.
4
Suppose 3*o - 1 - 5 = 0. Suppose o*p + 7 = 43. What is the remainder when (6/(-4))/(3/(-104)) is divided by p?
16
Suppose 4*n = -4, 0 = -5*m - 0*m + n + 21. Suppose -16 = m*a, -4*a = -c - c - 4. Let u = c - -27. Calculate the remainder when 50 is divided by u.
16
Suppose -o + 3*o = 22. Let a = 5 - o. Let r(v) = v**2 + 5*v + 1. What is the remainder when r(a) is divided by 3?
1
Let c be (-1)/(-1) - (-28)/2. Suppose 4*j - 9 - c = 0. What is the remainder when 22 is divided by j?
4
Suppose 2*g - 5 - 3 = 0. Suppose 2*h = -3*f - 2*h + 22, -2*f = -g*h - 8. 